s 31817 composite?
False
Is 44827 composite?
True
Is 28429 a composite number?
False
Is 114233 a prime number?
False
Is 435731 composite?
False
Is 515737 prime?
True
Is 1098113 a composite number?
True
Is 213203 prime?
True
Is 12707 prime?
False
Is 1069 prime?
True
Is 653027 composite?
True
Is 52051 a prime number?
True
Is 17567 a prime number?
False
Is 5509 a prime number?
False
Is 29489 a prime number?
False
Is 3593 a composite number?
False
Is 46685 a composite number?
True
Is 9031 prime?
False
Is 234409 prime?
False
Is 20563 a prime number?
True
Is 458353 a composite number?
True
Is 5257 a composite number?
True
Is 20879 a composite number?
False
Is 11467 prime?
True
Is 30787 composite?
True
Is 311219 a composite number?
True
Is 269851 prime?
True
Is 24217 a prime number?
False
Is 1069663 a composite number?
True
Is 30893 prime?
True
Is 17621 a prime number?
False
Is 179713 a composite number?
True
Is 11485 composite?
True
Is 967 a composite number?
False
Is 3907 composite?
False
Is 29243 a prime number?
True
Is 29101 prime?
True
Is 135049 composite?
False
Is 302131 prime?
False
Is 70289 prime?
True
Is 41765 a composite number?
True
Is 156721 prime?
False
Is 1706381 a composite number?
False
Is 361271 prime?
True
Is 93679 prime?
False
Is 31007 a prime number?
False
Is 613337 a composite number?
False
Is 21178 prime?
False
Is 189199 a composite number?
False
Is 371731 prime?
False
Is 228809 composite?
True
Is 20455 a prime number?
False
Is 18973 composite?
False
Is 16049 prime?
False
Is 178361 a composite number?
False
Is 1240319 composite?
False
Is 342683 a composite number?
True
Is 42677 a prime number?
True
Is 6814 prime?
False
Is 600686 a prime number?
False
Is 62939 prime?
True
Is 23917 prime?
True
Is 389807 a composite number?
True
Is 752549 a prime number?
False
Is 82139 composite?
False
Is 509719 prime?
False
Is 3713 composite?
True
Is 38539 a composite number?
True
Is 737647 composite?
True
Is 19043087 a prime number?
False
Is 8147 composite?
False
Is 135769 a prime number?
False
Is 51787 prime?
True
Is 5683 composite?
False
Is 1799 a composite number?
True
Is 994229 composite?
False
Is 4309 a prime number?
False
Is 1169587 a composite number?
False
Is 5588647 a prime number?
True
Is 2174 prime?
False
Is 103913 prime?
True
Is 1846811 prime?
True
Is 69847 a prime number?
True
Is 15479 a composite number?
True
Is 144103 a prime number?
True
Is 1599803 composite?
False
Is 24233 composite?
True
Is 103019 composite?
True
Is 988453 a prime number?
True
Is 273341 composite?
True
Is 109717 a composite number?
False
Is 4857 a prime number?
False
Is 1559 a prime number?
True
Is 707543 a prime number?
True
Is 79687 a composite number?
False
Is 16843 prime?
True
Is 8317 a prime number?
True
Is 112963 composite?
True
Is 117227 a prime number?
False
Is 254 composite?
True
Is 117421 prime?
False
Is 20873 prime?
True
Is 96053 prime?
True
Is 19733 prime?
False
Is 1546627 a prime number?
True
Is 3387 prime?
False
Is 316945 a prime number?
False
Is 238987 prime?
False
Is 1652251 a prime number?
False
Is 77207 composite?
True
Is 105002 prime?
False
Is 7851 prime?
False
Is 60311 prime?
False
Is 38513 prime?
False
Is 397121 composite?
True
Is 2407 a prime number?
False
Is 29901 composite?
True
Is 133481 prime?
True
Is 15793 composite?
True
Is 81509 composite?
False
Is 144147 a prime number?
False
Is 12469 composite?
True
Is 26771 a composite number?
True
Is 6241 a composite number?
True
Is 371578 a prime number?
False
Is 222259 composite?
True
Is 21734 a composite number?
True
Is 45119 a composite number?
False
Is 745 a composite number?
True
Is 188693 prime?
True
Is 4701 prime?
False
Is 30911 composite?
False
Is 8641 a composite number?
False
Is 113531 a composite number?
True
Is 249911 composite?
False
Is 253063 prime?
True
Is 1343883 a composite number?
True
Is 6521 a prime number?
True
Is 75631 prime?
False
Is 173237 composite?
True
Is 72533 prime?
True
Is 265997 prime?
False
Is 8333 prime?
False
Is 3165769 prime?
True
Is 288941 a composite number?
True
Is 29009 prime?
True
Is 17863 composite?
False
Is 10289 composite?
False
Is 75079 prime?
True
Is 30111 a composite number?
True
Is 3557 composite?
False
Is 8529 prime?
False
Is 150373 prime?
True
Is 930011 a composite number?
False
Is 357673 a composite number?
True
Is 135217 a composite number?
True
Is 22009 a composite number?
True
Is 78823 composite?
False
Is 32653 composite?
False
Is 26291 a prime number?
False
Is 205019 a composite number?
False
Is 11181 composite?
True
Is 11287 prime?
True
Is 37673 prime?
False
Is 435373 a composite number?
True
Is 11113 prime?
True
Is 41221 prime?
True
Is 50981 prime?
False
Is 5035819 a prime number?
True
Is 967 a prime number?
True
Is 2041 a prime number?
False
Is 31495 a prime number?
False
Is 57241 composite?
False
Is 2159 a composite number?
True
Is 36353 a prime number?
True
Is 24169 a composite number?
False
Is 42821 composite?
False
Is 9611 a composite number?
True
Is 130705 composite?
True
Is 1255747 a composite number?
False
Is 2100511 a composite number?
True
Is 398903 prime?
True
Is 1560653 composite?
False
Is 87083 composite?
False
Is 34021 prime?
False
Is 1401607 a prime number?
True
Is 9379 composite?
True
Is 171539 a prime number?
True
Is 7481 a prime number?
True
Is 541109 a composite number?
True
Is 200341 prime?
True
Is 876209 a prime number?
False
Is 455647 composite?
False
Is 596813 composite?
True
Is 641 a prime number?
True
Is 129323 a prime number?
False
Is 1844449 prime?
False
Is 58009 a prime number?
False
Is 1148791 composite?
True
Is 67247 prime?
True
Is 170573 a prime number?
False
Is 14901 a composite number?
True
Is 8147 a prime number?
True
Is 67765 composite?
True
Is 33401 a composite number?
True
Is 2547107 prime?
True
Is 13199 a composite number?
True
Is 4751 prime?
True
Is 208207 prime?
True
Is 40659 composite?
True
Is 28643 a composite number?
False
Is 3691 composite?
False
Is 7841 a prime number?
True
Is 36991 composite?
True
Is 2285 prime?
False
Is 513031 composite?
False
Is 5431 a composite number?
False
Is 153883 a composite number?
True
Is 28801 a prime number?
False
Is 101267 prime?
True
Is 1065887 prime?
True
Is 246397 a composite number?
True
Is 12401 a composite number?
False
Is 177817 a composite number?
True
Is 7361 a prime number?
False
Is 14281 a composite number?
False
Is 8033 composite?
True
Is 25329 composite?
True
Is 5087 a prime number?
True
Is 61717 a prime number?
True
Is 2179 a composite number?
False
Is 35605 prime?
False
Is 109885 a composite number?
True
Is 20317 composite?
True
Is 1465 composite?
True
Is 69313 composite?
False
Is 57613 prime?
False
Is 6109 a prime number?
False
Is 149921 composite?
False
Is 60811 a composite number?
False
Is 581633 composite?
True
Is 2309 a prime number?
True
Is 3593 composite?
False
Is 290441 prime?
True
Is 13859 a prime number?
True
Is 141157 a prime number?
True
Is 74599 prime?
False
Is 33458 a prime number?
False
Is 1057361 a composite number?
False
Is 99227 a prime number?
False
Is 10113 composite?
True
Is 205271 composite?
True
Is 132749 a composite number?
False
Is 17621653 a composite number?
True
Is 30019 a composite number?
True
Is 707809 composite?
True
Is 396691 prime?
False
Is 165029 a composite number?
True
Is 84559 prime?
True
Is 23915 prime?
False
Is 87029 a prime number?
False
Is 551767 a composite number?
False
Is 2361 a prime number?
False
Is 1221789 a prime number?
False
Is 5482361 a composite number?
False
Is 2867837 a prime number?
False
Is 409 composite?
False
Is 51647 a prime number?
True
Is 53569 prime?
True
Is 15727 composite?
False
Is 19583 a prime number?
True
Is 1121 prime?
False
Is 7789439 prime?
False
Is 2631 a prime number?
False
Is 19639 composite?
True
Is 1693 a prime number?
True
Is 1380551 prime?
True
Is 50473 composite?
True
Is 111295 composite?
True
Is 15479 a composite number?
True
Is 1504379 a prime number?
True
Is 3191 prime?
True
Is 1003 a prime number?
False
Is 207407 a prime number?
False
Is 76547 composite?
True
Is 509711 a composite number?
True
Is 54251 a prime number?
True
Is 458737 a composite number?
True
Is 24317 a prime number?
True
Is 2073655 prime?
False
Is 208051 a prime number?
False
Is 10289 a prime number